3*x(j) - 7*y(j). Let u(g) = 2*g - 4. Let p be u(4). What is k(p)?
4
Let v(l) = -l + 1. Suppose 2*b - 5 = 5. What is v(b)?
-4
Let h(i) = -i**3 - 2*i. Let v(l) = -3*l**3 + 7*l**2 - 8*l - 3. Let o(b) = 4*h(b) - v(b). Calculate o(-6).
-33
Let c(t) = t**3 + 4*t**2 + 3. Let o be c(-4). Let w(z) = 0 - o - z**2 + 4. Suppose 3*l + 22 = 5*d - l, d - 3*l - 11 = 0. Determine w(d).
-3
Suppose -21 = -x - 2*x. Let w(h) = -3*h + 7*h + h**3 + 3 + h**2 - 4*h**2 + x*h**2. Give w(-2).
3
Let g(o) be the first derivative of o**4/4 + o**3/3 - o - 8. Determine g(2).
11
Let j be (-1*2)/((-10)/(-75)*-3). Let f(k) = -k + 4. Determine f(j).
-1
Let s(c) = 0 + 2*c + 1 - 3*c. Let p be s(2). Let g(v) = 5*v**3 + v + 1. What is g(p)?
-5
Suppose 3*l - 1 = 5, 5*l - 34 = -4*h. Let n(q) = -q + 14. What is n(h)?
8
Let v(x) = 4 + 20*x - 19*x - 4. What is v(0)?
0
Let t(h) = -5*h - 4 + 1 + 2*h. What is t(-3)?
6
Let g(f) = f**2 + 5. Let a be g(0). Let r(q) = 5*q**2 + 23*q + 17. Let x(v) = -2*v**2 - 8*v - 6. Let w(s) = 3*r(s) + 8*x(s). Give w(a).
3
Let p(b) = -b**2 - 9*b - 5. Let z(g) = -g**2 - 10*g - 5. Let h(r) = -5*p(r) + 4*z(r). Determine h(-4).
1
Let o = -7 + 9. Let i(p) = -p + 1. Let m be i(-3). Let l(r) = -m + 2 + 2*r**3 - 2*r - 2*r**2 + 3. Calculate l(o).
5
Let c(v) = v**3 + 4*v**2 + 3*v + 4. Let r(w) be the first derivative of w**4/4 - 2*w**3 + 3*w**2/2 + 6*w + 2. Let b be r(5). Give c(b).
-8
Let l(i) = 9*i. Let w(b) = b**3 + 4*b**2 - 7*b - 6. Let m be w(-5). Let c(u) = u - 5. Let f be c(m). What is l(f)?
-9
Let r(u) = u**2 + 3*u. Let s(d) = -4*d**2 - 10*d - 1. Let m(z) = -7*r(z) - 2*s(z). Give m(0).
2
Let p(j) be the first derivative of j**4/2 - j**3/3 - j**2/2 - 4. Let n = 0 + -1. Determine p(n).
-2
Let i(d) = -d**3 - 5*d**2 + 4. Let y = 3 - -15. Let a be 86/y + 8/36. Suppose 0 = -3*r + a*l - 40, l - 10 = -l. What is i(r)?
4
Let w(v) = -5*v**3 + 6*v**2 + 7*v + 1. Let g(u) = 6*u**3 - 6*u**2 - 8*u - 1. Let t(i) = -6*g(i) - 7*w(i). Determine t(-6).
5
Let q(d) = d - 3. Let c(t) = -2*t + 5. Let l(b) = -6*c(b) - 10*q(b). Determine l(-6).
-12
Let r(s) = s**2 + 3 - 3 - 3 + s. Let h(a) = -a - 10. Let q be h(-7). Give r(q).
3
Let g(d) be the second derivative of -d**3 - 2*d + 2*d**2 + 1/12*d**4 + 0. Let x be g(4). Let m(b) = b. Calculate m(x).
-4
Let r(p) = -129*p**2 + 3 - p + 132*p**2 + p**3 - 1. Determine r(-3).
5
Let j(c) = -c - 4. Let x(z) = z**2 - 8*z - 1. Let r be x(6). Let d = -10 - r. Give j(d).
-7
Let a(s) be the third derivative of s**4/12 - 5*s**3/6 - 2*s**2. Let b(l) = 5*l - 14. Let k(c) = -17*a(c) + 6*b(c). Calculate k(2).
-7
Suppose 4*x + 2 = -5*p, 0 = -5*p + p - 8. Let q(i) = -2*i + 1. Give q(x).
-3
Let z(y) = -y + 14 + y - 2*y. Let b(l) = -l + 7. Let v(x) = 7*b(x) - 3*z(x). Let k(u) = -u. Let p be k(-5). Give v(p).
2
Let s be 3/(9/3) + 2. Let m(v) = -4*v**2 + 3*v**2 - 2 + s*v + 2*v. Let f = -5 + 8. Calculate m(f).
4
Let d(b) = 3*b**2 - 1. Let o be d(-1). Let m(f) = 3*f**3 - 3*f**3 + 4*f**3 - 2*f**o - 2*f**3 - f. Determine m(2).
6
Let b(j) = 3*j**3 + 8*j**2 - 4*j + 7. Let k(y) = 4*y**3 + 9*y**2 - 4*y + 6. Let n(v) = -3*b(v) + 2*k(v). Calculate n(-7).
12
Let k(h) = h + 1. Let n(o) = 6*o + 2. Let p(j) = 5*k(j) - n(j). Let r be p(3). Let z(d) be the third derivative of -d**5/60 + d**3/2 - d**2. Calculate z(r).
3
Let r(c) = 2*c**2 + 2*c + 7 - 2 - 2. Suppose -3*y - 2*g = y + 6, -y + g = 3. What is r(y)?
7
Let x(a) = -a**3 - 7*a**2 - 5*a + 2. Let i be x(-6). Let t(h) = 7*h**2 + 2*h. Let y(n) = -6*n**2 - 2*n. Let s(c) = 5*t(c) + 6*y(c). Determine s(i).
-8
Let p(k) = k - 1. Let g = 159 - 162. Calculate p(g).
-4
Let v be 1/(-7) - (-2)/14. Suppose 2*d + 2*c - 12 = -v*c, 5*d - 24 = -2*c. Let w(p) = p**3 - 5 + 2 + 1 - 4*p**2. Calculate w(d).
-2
Let o(r) = 11*r**2 + 4*r + 2. Let c(t) = 5*t**2 + 2*t + 1. Let p(i) = -13*c(i) + 6*o(i). Let a be 144/(-27) + (-1)/(-3). Let z be (-6)/(-5)*a/(-2). Give p(z).
2
Suppose 2*i + 7 - 1 = 0. Suppose -4*v = -4*u - 5*v + 9, -4*v = -4*u + 24. Let q(y) = 3*y**2 + 3*y**3 - y**2 + u*y**3 + 1 - 5*y**3 - y. Give q(i).
-5
Let j(a) = -a**2 + 6*a - 1. Let p be j(5). Let m = -1 - p. Let l(y) be the third derivative of -y**5/60 - y**4/6 + 2*y**3/3 - 2*y**2. Determine l(m).
-1
Let f(a) = a**2 - 5*a + 5. Let p be f(5). Let y(r) = 4*r**2 - 22*r**2 + 19*r**2 - 1 - 8*r + 6. Give y(p).
-10
Let f(g) = 5*g**2 - 4*g**2 + 3*g**2. Let y(k) = -k**3 - 6*k**2 - 5*k + 1. Let w be y(-4). Let d = w - -10. Calculate f(d).
4
Let c(i) be the third derivative of -i**4/8 - i**3/3 + i**2. Let d = -33 - -42. Let t be 45/d*(-4)/5. Determine c(t).
10
Let z(m) = -2*m + 1. Let n(i) = -4*i + 2. Let o(q) = -2*n(q) + 5*z(q). Determine o(4).
-7
Let s(l) be the third derivative of l**6/120 + l**5/10 + 7*l**3/6 + 20*l**2. Give s(-6).
7
Let q(u) = u**3 - u**2 + u. Let g(r) = -6*r**3 + 11*r**2 - 10*r - 3. Let y(x) = -g(x) - 5*q(x). Calculate y(4).
-9
Let s(m) be the second derivative of m**5/20 + m**4 - 13*m**3/6 + 5*m**2/2 - m. Let a be s(-13). Let q(y) = -y**2 + 6*y + 5. Determine q(a).
10
Let d(k) be the first derivative of 3*k**2 + k + 9. What is d(1)?
7
Suppose 5*b + 8 = 23. Let c(x) be the third derivative of 0*x + 0 + 2*x**2 + 1/120*x**6 + 2/3*x**b + 0*x**4 - 1/12*x**5. Determine c(5).
4
Let c be (1/(-5))/(6/(-30)). Let t(v) = 3 - c + 4 + 0 - 2*v. Suppose -5*l + 3*l = -12. Calculate t(l).
-6
Let s(z) = z**3 - 4*z**2 - 5*z - 6. Let l(h) = h**3 - 5*h**2 + 4*h + 5. Let c(j) = j + 7. Let q be c(-3). Let y be l(q). Determine s(y).
-6
Let a = 1 - 1. Let g(f) = -26*f**2 + 4 + 12*f**2 + 9*f**2 + 6*f**2. Give g(a).
4
Suppose -4*q + 25 + 62 = 3*f, -2*q = -3*f - 21. Suppose -2*i = i - q. Let a be (-2)/i - (-16)/(-6). Let p(j) = 2*j + 2. Calculate p(a).
-4
Let u(a) = a. Let s(h) = h - 1. Let m(c) = 5*s(c) - 6*u(c). Let f(q) = 2*q**3 + 2*q**2 - 2*q. Let i be f(-2). Let x be (-1)/((i/10)/(-2)). What is m(x)?
0
Let d(l) = -2*l**2 + 4*l + 3 - 3 + 5 - 6*l. Suppose 4*i - 4 = 12. Let t(f) = 2*f**2 + 3*f - 6. Let v(s) = i*d(s) + 3*t(s). What is v(2)?
-4
Suppose -m + 2*m - 2 = 0. Let l(s) = -s - 1. Let o(a) = -a - 2. Let w(u) = -2*l(u) + o(u). Give w(m).
2
Let n(y) = -y**3 + 5*y**2 - 2*y - 5. Let i(c) = c. Let p(u) = 3*i(u) + n(u). Determine p(5).
0
Suppose -4*y = -1 + 17. Let o(t) be the first derivative of 5*t**2/2 + 5*t - 14. Determine o(y).
-15
Suppose 3*u + 2*s = 16, 3*u - 11 = -4*s + 3*s. Let f(h) = 1 + 2*h + 0 + 0 + u. Calculate f(-4).
-5
Let h(s) = -s - 3. Let i be h(-2). Let b = i - -1. Let y(q) = 6 + 2*q + 3*q - 4*q + b. Determine y(-6).
0
Let x(r) be the second derivative of r**4/12 + 5*r**3/6 + r**2 + 46*r. Determine x(-4).
-2
Let l = -28 + 23. Let a(r) = r**2 + 7*r + 3. What is a(l)?
-7
Let n = -3 - -3. Let j be n + (-2)/2*2. Let a(o) = -2*o**3 - 2*o**2 - 2. Give a(j).
6
Let c(y) = y**3 + y**2 - 1. Let g(f) = 3*f**3 + 9*f**2 - 2*f - 6. Let b(m) = -5*c(m) + g(m). Determine b(2).
-5
Let o(i) = -i**2 + 5*i - 7. Let d be o(6). Let n = -12 - d. Let r(p) = p**2 - p + 1. Give r(n).
1
Let u(o) = -6*o + 4. Let n(x) = -3*x + 2. Let t(y) = 13*n(y) - 6*u(y). What is t(2)?
-4
Suppose 5 = -4*p - 11. Let t(a) = -5*a**2 - 7*a + 4. Let y(w) = 4 - 6*w**2 + 4 - 3 - 8*w - 1. Let o(s) = 5*t(s) - 4*y(s). Determine o(p).
0
Let d(u) = -u. Let w(n) = -n**2 + 4*n + 2. Let c(o) = 4*d(o) + w(o). Let j(y) = y**2 + 2*y - 3. Let m be 128/(-40) + 2/10. Let k be j(m). What is c(k)?
2
Suppose -9 = 4*r - 7*r. Let m(q) be the third derivative of q**6/120 - q**5/20 + q**4/12 + q**3/2 + 2*q**2. Calculate m(r).
9
Let v = -1 - -2. Let o(p) = -p**2 + 1. Calculate o(v).
0
Let l(t) = t**2 + t + 1. Let z(x) = -4*x**2 - 6*x - 5. Let h(p) = 5*l(p) + z(p). Let v be (-1 + 0 + 1)*-1. Give h(v).
0
Let v(p) = 103*p**2 - 5*p**3 - 103*p**2. Determine v(1).
-5
Let z(o) be the first derivative of o**4/4 - o**3/3 + o**2/2 + o + 3. Let m be z(-1). Let u be 256/(-40) + m/(-5). Let t(h) = h + 8. What is t(u)?
2
Let s(m) be the second derivative of m**6/720 - m**5/24 - m**4/12 + 4*m. Let p(l) be the third derivative of s(l). What is p(5)?
0
Let z(p) = -2 - 3 + 4 - 5*p**2. Let c(t) = -t**3 - 6*t**2 + 7*t - 1. Let d be c(-7). Give z(d).
-6
Let g(m) = m + 2. Let q(k) = -k. Let l(s) = g(s) + 3*q(s). Give l(2).
-2
Suppose u + 0*u = 1. Let v(q) = -q**2 + 2*q. Let o(c) = c**2 - c. Let s(t) = 3*o(t) + v(t). Determine s(u).
1
Let m(w) = 31*w - 6. Let a(l) = -